e?
False
Let i(w) = 121*w**2 + 29. Is i(6) composite?
True
Let a(g) = 4*g**2 + 6*g + 4. Let p be a(-7). Suppose 2*k - p = -4*i, 3*i + 6*k - 2*k = 121. Is 1226/26 - 6/i composite?
False
Let z(o) = 3*o**2 + 2*o**3 - 3 - 4*o + 6*o - 3*o - 2*o. Suppose -3 = -q - 5*h, 4*h = 4*q - 4 - 8. Is z(q) prime?
False
Suppose 481502 = 28*c - 44030. Is c a composite number?
True
Suppose 0 = 73*c - 142*c + 88251. Is c a composite number?
False
Let v = -170 - -175. Suppose 0*h + 3*h - d - 158 = 0, 2*h - 107 = -d. Suppose -v*t + 4*z + 123 = -160, -t - z = -h. Is t prime?
False
Let g(x) = -2153*x - 4. Let y be g(-2). Suppose -y - 1367 = -5*a - 2*f, -4*f = 12. Is a composite?
True
Let d(h) = 1039*h - 152. Is d(7) a prime number?
True
Let r = 21 - 30. Let i(s) = -2*s - 5 + 7 - 7 - 2. Is i(r) composite?
False
Let j be (-1 + 12)/(7 - 8). Let q(m) = -39*m - 4. Let h be q(j). Let f = h - 286. Is f composite?
False
Suppose -62*j = -1662863 + 331785. Is j a composite number?
True
Let z(s) = -25*s + 1. Let p(l) = -l - 5. Let b be p(5). Is z(b) a prime number?
True
Let o = 341 - 212. Is o a prime number?
False
Let n(t) = 4*t**3 + 14*t**2 + 22*t - 12. Let h(v) = -v**3 + 1. Let u(f) = -5*h(f) - n(f). Is u(16) prime?
True
Suppose 11*o - 489707 - 52736 = 0. Is o prime?
False
Let r(d) = 118*d - 253. Is r(26) a prime number?
False
Let l = 9 + -10. Let b be -2 - l - -171 - -4. Let d = 248 + b. Is d composite?
True
Let b = -362 - -658. Let n = 459 - b. Is n a prime number?
True
Let g(j) = -j**3 + j**2 - j + 205. Let w = -5 + 1. Let c be (-2 - w - 2)/1. Is g(c) composite?
True
Let h(x) = 2841*x**2 - 5*x - 3. Is h(-1) a prime number?
True
Suppose 5*x - f - 14 = 0, -10 + 2 = 4*x + 4*f. Suppose -5*t - w + x + 36 = 0, 47 = 5*t + 4*w. Is 2/6*(109 - t) a composite number?
True
Suppose -42*d = 77*d - 651049. Is d a prime number?
True
Let d be 21/24 + 4/32. Let t be -2 - (d - -11)/(-1). Is 6 - t - (-447 + 0) composite?
False
Let q be 0 - 9/3 - -2373. Is (q/45)/((-2)/(-3)) composite?
False
Let n = -55 - -152. Is n prime?
True
Suppose 18*l - 3480 = 14*l. Let w = l - 508. Is w a prime number?
False
Let r = -4 + 4. Let q = -16 - -222. Suppose r*g - 2*g + q = 0. Is g prime?
True
Is 6122*(-2)/(-2) - 1/1 composite?
False
Let p(n) = 2*n**3 - 8*n**2 + n - 7. Suppose c + 4 = -c. Let y be (-80)/(-14) + c/(-7). Is p(y) prime?
False
Suppose -a = -2*i + 3, 0 = -6*a + a - i - 4. Let u = a + 0. Is (-56)/16*(-1 + u) prime?
True
Let b = -9357 - -51436. Is b a composite number?
True
Suppose -y - 2*y + 6 = 0. Suppose -v + y*v = 1757. Is v a composite number?
True
Let h(t) = 2*t**2 + 23*t - 10. Let u(a) = -3*a**2 - 35*a + 15. Let y(s) = 8*h(s) + 5*u(s). Let w be y(10). Let k = 122 + w. Is k a prime number?
True
Suppose 16*m - 463964 = -120844. Is m prime?
False
Suppose 21729 = 5*l - 2*w, -3*l + 15684 = 5*w + 2628. Suppose 873 = r - 4*v, -2*r - 3*r + 2*v = -l. Is r prime?
False
Let u(m) be the first derivative of 17*m**3/3 - 2*m**2 + m - 3. Let h = 0 + 4. Is u(h) a prime number?
True
Suppose 5 = 5*u, u = -4*r + 6148 - 1863. Let d be 1/(3/r) - 2. Suppose -b - 2*b = 3, -d = -3*y + b. Is y a prime number?
False
Suppose -216*g = -220*g + 12, -3*p = -3*g - 5874. Is p a prime number?
False
Suppose 2*c = 306 + 308. Suppose 5*x - 4*x - c = 0. Is x a composite number?
False
Is ((-1173768)/32)/(-3) - 1/(-4) a prime number?
True
Let h(j) = 51*j + 8. Suppose -3*u = -3*k + 15, -4*k + 31 = 4*u - 21. Is h(k) a prime number?
True
Suppose -2*m = -6*m + 2280. Suppose -5*l + 2*l - m = 0. Let x = 369 + l. Is x a composite number?
False
Let f(i) = 5224*i + 33. Is f(1) a prime number?
False
Suppose -19*j + 117565 = -171786. Is j composite?
True
Suppose -5*n = -4*n - 4, 3*n = -5*p - 3. Let k = p + 3. Suppose 3*j + k*j = 1251. Is j a composite number?
True
Is 3/6 + (0 - (-31251)/6) a composite number?
False
Let c = -42 - -45. Suppose -2*b - 4*d = -3986, 5959 = -c*b + 6*b + d. Is b a composite number?
True
Let z = 14635 - 2024. Is z a composite number?
False
Is (-5)/(-20) - 1 - (-134494)/8 a prime number?
True
Let z = -13 + 15. Suppose -z*q - 892 = -6*q. Is q*(5 + -1 + -3) prime?
True
Let j = -24 - -33. Is (1410/j - 1)*3 prime?
True
Let x = 378 - 45. Suppose 2*r + 2 - 18 = 0. Is (x/(-36))/((-1)/r) prime?
False
Let q be (-2)/(-6) + (-4)/(-6) + 3. Is (-14200)/(-16) + (-2)/q a prime number?
True
Let i(d) be the third derivative of d**5/60 + d**4/3 + d**3 - 7*d**2. Let m be i(-7). Let a(p) = -180*p**3 - 1. Is a(m) a composite number?
False
Let j be 3/((-9)/(-48)) + 2. Let q be (-3)/j - (-2653)/6. Suppose -q = -5*g + 513. Is g a prime number?
True
Let y = -9 - -14. Suppose -y*l + 115 = 15. Is (-4)/6*(-990)/l a composite number?
True
Let w = 18735 - 9377. Is w prime?
False
Suppose -f + 2*n + 545 = -1690, -5*f + n + 11157 = 0. Is f composite?
True
Let m(s) = -472*s - 335. Is m(-19) a composite number?
True
Let w(h) = -24*h**3 + 3*h**2 - 3*h + 2. Let f be w(2). Let b = -131 - f. Is b a prime number?
True
Let w = 3335 + 8712. Is w composite?
True
Let h be (-1)/((-2917)/(-1459) + -1 + -1). Suppose -5*q = -h - 936. Is q a prime number?
True
Let h(l) = -2*l + 38. Let i be h(14). Is (-3)/2 + 47125/i a prime number?
False
Let x be -1 + 1 + 222 + 0. Suppose 2524 + 46 = 10*l. Suppose -v + l = -x. Is v composite?
False
Let w(m) = -2068*m + 35. Is w(-2) a prime number?
False
Let k(m) = 226*m + 46. Let w(j) = -45*j - 9. Let d(z) = 2*k(z) + 11*w(z). Is d(-2) composite?
False
Let p(j) = -82*j**3 - 2*j**2 + 4*j + 3. Let x(r) = -82*r**3 - 2*r**2 + 3*r + 2. Let m = 9 - 5. Let w(u) = m*x(u) - 3*p(u). Is w(-2) prime?
True
Let f(o) = 53*o**2 + 3*o + 1. Let j be f(-3). Let q = j - 321. Suppose -2*y - q + 722 = 0. Is y composite?
True
Let r = -95 + 98. Suppose -p + r = 2*p, -3*g - 4*p = -11341. Is g a composite number?
False
Suppose -8*n + 3*n = -70. Suppose -n = -3*m - 5. Suppose 0 = 5*h + 15, 2*s = 6*s + m*h - 755. Is s composite?
False
Is 2424 + 7 - (2 - 4 - 4) prime?
True
Suppose 0 = 5*h - f + 68, 4*h - 4*f + f + 61 = 0. Is (h/26)/((-1)/358) a prime number?
True
Suppose -6 = 3*j - 5*v + 12, -j + 14 = 5*v. Let o be (-18)/(-2)*j - -3. Let t(z) = -55*z + 5. Is t(o) composite?
True
Suppose 4*i - x = 29, 2*i - 2*x = -3*x + 13. Suppose -n + 3*t + 152 = 0, -6*n + i*n = -t + 164. Is n composite?
True
Suppose 2935669 = 45*v + 71284. Is v prime?
False
Let p = -83 - -88. Suppose 9 = 2*z + z, -4*l + 325 = -p*z. Is l a prime number?
False
Let n be ((-150)/(-12))/((-3)/(-6)). Suppose -135 = -b - 4*s, -b - 2*s + 108 = -n. Is b a composite number?
False
Suppose -5*p - 3*f + 28965 = -94691, -4*p + 5*f = -98947. Is p a composite number?
False
Let w(k) = 4*k**2 - k**3 + k - k + 5 - 3*k - 10. Is w(-5) a prime number?
False
Suppose -3*b = 2 + 7, 3*b = -r + 5628. Is r composite?
True
Let d(p) = -147*p - 29. Is d(-34) a composite number?
False
Suppose 2*w = 4, 8*i - 202705 = 3*i + 5*w. Is i composite?
False
Let d(c) = 302*c - 19. Let h = 40 + -36. Is d(h) a prime number?
False
Let n(m) = -m**2 + m + 5. Let d be n(0). Suppose -3*c - d*g + 80 - 288 = 0, g - 156 = 2*c. Let j = 287 + c. Is j a composite number?
False
Suppose -4*a - 982 + 7754 = 0. Is a prime?
True
Let a(z) = -z**3 - z**2 - z - 1. Let h(w) = -2*w**3 + 3*w**2 + w + 8. Let v(g) = -3*a(g) - h(g). Is v(4) prime?
False
Suppose 8*p = 11*p - 21. Suppose 15239 = p*u - 5334. Is u composite?
False
Let s(o) = -31*o**3 - 10*o**2 + 14*o - 5. Is s(-6) a prime number?
True
Let w = 2 + 2. Is (-1 - -192) + 4 + w composite?
False
Suppose i = 3*i + 2. Let j be 12966/24 - i/(-4). Suppose -4*z - 5*g + 541 = 0, -z - 4*g = 3*z - j. Is z composite?
True
Suppose 5*r - 3*r = 19054. Suppose r - 554 = 9*h. Is h composite?
False
Let n be (-3 - -2 - 0)/((-1)/852). Suppose 0*i - n = -6*i. Is i composite?
True
Suppose 5*u - 11844 = 2*u. Is u/15 + (-3)/15 a composite number?
False
Let m = -8 - -21. Suppose d + 8 = m. Suppose 0 = -7*t + d*t + 138. Is t prime?
False
Let a be 2/4*1*-12. Let k(z) = z**3 + 7*z**2 + 5*z - 1. Let u be k(a). Is (u - 2) + -4 + 143 prime?
False
Is 1/32*-4*-1912 a composite number?
False
Let g(d) be the second derivative of 13*d**4/12 - d**3/2 + 2*d. Is g(2) prime?
False
Let y(d) = -402*d**3 - 2*d**2 - d + 2. Is y(-3) a prime number?
False
Suppose -3*t - 2*p - 521 = 0, -3*p + 831 = -3*t + 285. Let a = -119 - t. Let w = 137 - a